{"id":2141,"date":"2022-09-19T19:43:02","date_gmt":"2022-09-19T17:43:02","guid":{"rendered":"http:\/\/www.clg-joliot-curie-bagneux.ac-versailles.fr\/?page_id=2141"},"modified":"2022-09-19T19:51:39","modified_gmt":"2022-09-19T17:51:39","slug":"un-college-labelise-e3d-et-generation-2024","status":"publish","type":"page","link":"https:\/\/clg-joliot-curie-bagneux.ac-versailles.fr\/?page_id=2141","title":{"rendered":"Un coll\u00e8ge lab\u00e9lis\u00e9 E3D et G\u00e9n\u00e9ration 2024"},"content":{"rendered":"<div class=\"pdfprnt-buttons pdfprnt-buttons-page pdfprnt-top-right\"><a href=\"https:\/\/clg-joliot-curie-bagneux.ac-versailles.fr\/index.php?rest_route=%2Fwp%2Fv2%2Fpages%2F2141&print=pdf\" class=\"pdfprnt-button pdfprnt-button-pdf\" target=\"_blank\" ><img decoding=\"async\" src=\"https:\/\/clg-joliot-curie-bagneux.ac-versailles.fr\/wp-content\/plugins\/pdf-print\/images\/pdf.png\" alt=\"image_pdf\" title=\"Afficher le PDF\" \/><\/a><a href=\"https:\/\/clg-joliot-curie-bagneux.ac-versailles.fr\/index.php?rest_route=%2Fwp%2Fv2%2Fpages%2F2141&print=print\" class=\"pdfprnt-button pdfprnt-button-print\" target=\"_blank\" ><img decoding=\"async\" src=\"https:\/\/clg-joliot-curie-bagneux.ac-versailles.fr\/wp-content\/plugins\/pdf-print\/images\/print.png\" alt=\"image_print\" title=\"Contenu imprim\u00e9\" \/><\/a><\/div>\t\t<div data-elementor-type=\"wp-page\" data-elementor-id=\"2141\" class=\"elementor elementor-2141\">\n\t\t\t\t\t\t<section class=\"elementor-section elementor-top-section elementor-element elementor-element-91ba0f8 elementor-section-boxed elementor-section-height-default elementor-section-height-default\" data-id=\"91ba0f8\" data-element_type=\"section\" data-e-type=\"section\">\n\t\t\t\t\t\t<div class=\"elementor-container elementor-column-gap-default\">\n\t\t\t\t\t<div class=\"elementor-column elementor-col-50 elementor-top-column elementor-element elementor-element-aa4bb17\" data-id=\"aa4bb17\" data-element_type=\"column\" data-e-type=\"column\">\n\t\t\t<div class=\"elementor-widget-wrap elementor-element-populated\">\n\t\t\t\t\t\t<div class=\"elementor-element elementor-element-857e0e9 elementor-widget elementor-widget-image\" data-id=\"857e0e9\" data-element_type=\"widget\" data-e-type=\"widget\" data-widget_type=\"image.default\">\n\t\t\t\t<div class=\"elementor-widget-container\">\n\t\t\t\t\t\t\t\t\t\t\t\t\t\t\t<img fetchpriority=\"high\" decoding=\"async\" width=\"512\" height=\"273\" src=\"https:\/\/clg-joliot-curie-bagneux.ac-versailles.fr\/wp-content\/uploads\/sites\/81\/2022\/09\/image001.png\" class=\"attachment-large size-large wp-image-2142\" alt=\"\" srcset=\"https:\/\/clg-joliot-curie-bagneux.ac-versailles.fr\/wp-content\/uploads\/sites\/81\/2022\/09\/image001.png 512w, https:\/\/clg-joliot-curie-bagneux.ac-versailles.fr\/wp-content\/uploads\/sites\/81\/2022\/09\/image001-300x160.png 300w\" sizes=\"(max-width: 512px) 100vw, 512px\" \/>\t\t\t\t\t\t\t\t\t\t\t\t\t\t\t<\/div>\n\t\t\t\t<\/div>\n\t\t\t\t\t<\/div>\n\t\t<\/div>\n\t\t\t\t<div class=\"elementor-column elementor-col-50 elementor-top-column elementor-element elementor-element-f597b39\" data-id=\"f597b39\" data-element_type=\"column\" data-e-type=\"column\">\n\t\t\t<div class=\"elementor-widget-wrap elementor-element-populated\">\n\t\t\t\t\t\t<div class=\"elementor-element elementor-element-6350248 elementor-widget elementor-widget-image\" data-id=\"6350248\" data-element_type=\"widget\" data-e-type=\"widget\" data-widget_type=\"image.default\">\n\t\t\t\t<div class=\"elementor-widget-container\">\n\t\t\t\t\t\t\t\t\t\t\t\t\t\t\t<img decoding=\"async\" width=\"870\" height=\"870\" src=\"https:\/\/clg-joliot-curie-bagneux.ac-versailles.fr\/wp-content\/uploads\/sites\/81\/2022\/09\/GEN24_Label_Cont_SevresMatisse_RVB-1030x1030.png\" class=\"attachment-large size-large wp-image-2143\" alt=\"\" srcset=\"https:\/\/clg-joliot-curie-bagneux.ac-versailles.fr\/wp-content\/uploads\/sites\/81\/2022\/09\/GEN24_Label_Cont_SevresMatisse_RVB-1030x1030.png 1030w, https:\/\/clg-joliot-curie-bagneux.ac-versailles.fr\/wp-content\/uploads\/sites\/81\/2022\/09\/GEN24_Label_Cont_SevresMatisse_RVB-300x300.png 300w, https:\/\/clg-joliot-curie-bagneux.ac-versailles.fr\/wp-content\/uploads\/sites\/81\/2022\/09\/GEN24_Label_Cont_SevresMatisse_RVB-60x60.png 60w, https:\/\/clg-joliot-curie-bagneux.ac-versailles.fr\/wp-content\/uploads\/sites\/81\/2022\/09\/GEN24_Label_Cont_SevresMatisse_RVB-768x767.png 768w, https:\/\/clg-joliot-curie-bagneux.ac-versailles.fr\/wp-content\/uploads\/sites\/81\/2022\/09\/GEN24_Label_Cont_SevresMatisse_RVB-1536x1534.png 1536w, https:\/\/clg-joliot-curie-bagneux.ac-versailles.fr\/wp-content\/uploads\/sites\/81\/2022\/09\/GEN24_Label_Cont_SevresMatisse_RVB.png 1754w\" sizes=\"(max-width: 870px) 100vw, 870px\" \/>\t\t\t\t\t\t\t\t\t\t\t\t\t\t\t<\/div>\n\t\t\t\t<\/div>\n\t\t\t\t\t<\/div>\n\t\t<\/div>\n\t\t\t\t\t<\/div>\n\t\t<\/section>\n\t\t\t\t<section class=\"elementor-section elementor-top-section elementor-element elementor-element-36757a2 elementor-section-boxed elementor-section-height-default elementor-section-height-default\" data-id=\"36757a2\" data-element_type=\"section\" data-e-type=\"section\">\n\t\t\t\t\t\t<div class=\"elementor-container elementor-column-gap-default\">\n\t\t\t\t\t<div class=\"elementor-column elementor-col-50 elementor-top-column elementor-element elementor-element-271fddb\" data-id=\"271fddb\" data-element_type=\"column\" data-e-type=\"column\">\n\t\t\t<div class=\"elementor-widget-wrap elementor-element-populated\">\n\t\t\t\t\t\t<div class=\"elementor-element elementor-element-3123772 elementor-widget elementor-widget-text-editor\" data-id=\"3123772\" data-element_type=\"widget\" data-e-type=\"widget\" data-widget_type=\"text-editor.default\">\n\t\t\t\t<div class=\"elementor-widget-container\">\n\t\t\t\t\t\t\t\t\t<p><span style=\"font-family: georgia, palatino, serif\">La d\u00e9marche E3D (E3D = \u00c9cole\/\u00c9tablissement en D\u00e9marche de D\u00e9veloppement Durable) engage le coll\u00e8ge Joliot Curie\u00a0 dans l&rsquo;action en faveur de d\u00e9veloppement durable. Ainsi, les\u00a0\u00e9l\u00e8ves sont au c\u0153ur des projets<span style=\"font-size: 13px\">\u00a0qui visent \u00e0 leur faire\u00a0<\/span>conna\u00eetre\u00a0<span style=\"font-size: 13px\">et\u00a0<\/span>comprendre\u00a0<span style=\"font-size: 13px\">les enjeux pour pouvoir\u00a0<\/span>agir<span style=\"font-size: 13px\">, au quotidien \u00e0 l\u2019\u00e9cole et \u00e0 la maison. La d\u00e9marche E3D contribue ainsi \u00e0 la formation de\u00a0<\/span>citoyens inform\u00e9s, critiques et engag\u00e9s<span style=\"font-size: 13px\">, amen\u00e9s \u00e0 \u00eatre force de proposition et acteurs de la transition.\u00a0<\/span><span style=\"font-size: 13px\">Les projets embl\u00e9matiques du coll\u00e8ge tels que le poulailler et le potager s&rsquo;inscrivent dans cette tendance.\u00a0<\/span><\/span><\/p>\t\t\t\t\t\t\t\t<\/div>\n\t\t\t\t<\/div>\n\t\t\t\t\t<\/div>\n\t\t<\/div>\n\t\t\t\t<div class=\"elementor-column elementor-col-50 elementor-top-column elementor-element elementor-element-25f6d26\" data-id=\"25f6d26\" data-element_type=\"column\" data-e-type=\"column\">\n\t\t\t<div class=\"elementor-widget-wrap elementor-element-populated\">\n\t\t\t\t\t\t<div class=\"elementor-element elementor-element-c7dc1c3 elementor-widget elementor-widget-text-editor\" data-id=\"c7dc1c3\" data-element_type=\"widget\" data-e-type=\"widget\" data-widget_type=\"text-editor.default\">\n\t\t\t\t<div class=\"elementor-widget-container\">\n\t\t\t\t\t\t\t\t\t<p><span style=\"font-family: georgia, palatino, serif\">\u00c0 la suite de l&rsquo;\u00e9lection par le CIO de Paris comme ville h\u00f4te des Jeux Olympiques et Paralympiques de 2024, le label \u00ab G\u00e9n\u00e9ration 2024 \u00bb a \u00e9t\u00e9 cr\u00e9\u00e9.\u00a0Il vise \u00e0 d\u00e9velopper les passerelles entre le monde scolaire et le mouvement sportif pour encourager la pratique physique et sportive des jeunes. Les \u00e9quipes du coll\u00e8ge s&rsquo;investissent dans des actions phares telles que les Olympiades ou encore la Semaine Olympique et Paralympique pour promouvoir l&rsquo;activit\u00e9 sportive, les rencontre entre athl\u00e8tes de haut niveau, professionnels du sport et les \u00e9l\u00e8ves.\u00a0<\/span><\/p>\t\t\t\t\t\t\t\t<\/div>\n\t\t\t\t<\/div>\n\t\t\t\t\t<\/div>\n\t\t<\/div>\n\t\t\t\t\t<\/div>\n\t\t<\/section>\n\t\t\t\t<\/div>\n\t\t","protected":false},"excerpt":{"rendered":"<p>\/*! elementor &#8211; v3.5.6 &#8211; 28-02-2022 *\/ .elementor-widget-image{text-align:center}.elementor-widget-image a{display:inline-block}.elementor-widget-image a img[src$=\u00a0\u00bb.svg\u00a0\u00bb]{width:48px}.elementor-widget-image img{vertical-align:middle;display:inline-block} La d\u00e9marche E3D (E3D = \u00c9cole\/\u00c9tablissement en D\u00e9marche de D\u00e9veloppement Durable) engage le coll\u00e8ge Joliot Curie\u00a0 dans l&rsquo;action en faveur de d\u00e9veloppement durable. Ainsi, les\u00a0\u00e9l\u00e8ves sont au c\u0153ur des projets\u00a0qui visent \u00e0 leur faire\u00a0conna\u00eetre\u00a0et\u00a0comprendre\u00a0les enjeux pour pouvoir\u00a0agir, au quotidien \u00e0 l\u2019\u00e9cole et \u00e0 [&hellip;]<\/p>\n","protected":false},"author":3667,"featured_media":0,"parent":0,"menu_order":0,"comment_status":"closed","ping_status":"closed","template":"","meta":{"footnotes":""},"class_list":["post-2141","page","type-page","status-publish","hentry"],"_links":{"self":[{"href":"https:\/\/clg-joliot-curie-bagneux.ac-versailles.fr\/index.php?rest_route=\/wp\/v2\/pages\/2141","targetHints":{"allow":["GET"]}}],"collection":[{"href":"https:\/\/clg-joliot-curie-bagneux.ac-versailles.fr\/index.php?rest_route=\/wp\/v2\/pages"}],"about":[{"href":"https:\/\/clg-joliot-curie-bagneux.ac-versailles.fr\/index.php?rest_route=\/wp\/v2\/types\/page"}],"author":[{"embeddable":true,"href":"https:\/\/clg-joliot-curie-bagneux.ac-versailles.fr\/index.php?rest_route=\/wp\/v2\/users\/3667"}],"replies":[{"embeddable":true,"href":"https:\/\/clg-joliot-curie-bagneux.ac-versailles.fr\/index.php?rest_route=%2Fwp%2Fv2%2Fcomments&post=2141"}],"version-history":[{"count":10,"href":"https:\/\/clg-joliot-curie-bagneux.ac-versailles.fr\/index.php?rest_route=\/wp\/v2\/pages\/2141\/revisions"}],"predecessor-version":[{"id":2153,"href":"https:\/\/clg-joliot-curie-bagneux.ac-versailles.fr\/index.php?rest_route=\/wp\/v2\/pages\/2141\/revisions\/2153"}],"wp:attachment":[{"href":"https:\/\/clg-joliot-curie-bagneux.ac-versailles.fr\/index.php?rest_route=%2Fwp%2Fv2%2Fmedia&parent=2141"}],"curies":[{"name":"wp","href":"https:\/\/api.w.org\/{rel}","templated":true}]}}